 v?
1
Let r(f) = f + 11. Let d be r(-6). Suppose m = d*m. Suppose -3*c + c = -2*l - 26, m = -5*c - 2*l + 44. What is the tens digit of c?
1
Suppose c - 3*d - d - 16 = 0, 5*d = 5. Let j = -4 + c. What is the tens digit of j?
1
Suppose f = 5, 5*f - 2123 = -3*n - 856. What is the hundreds digit of n?
4
Let n = -1 + 3. Suppose -4 = -q - 2*p, -q + n = -p + 5*p. What is the units digit of q?
6
Suppose 5*c - 4*g = 34 + 226, -5*g = 5*c - 215. What is the tens digit of c?
4
Let p = -5 - 1. What is the units digit of -30*-2*p/(-15)?
4
Suppose 3*g + 2 = -10. Let y = g + 9. What is the units digit of y?
5
Let b(n) = n + 4. Let h be b(-10). What is the units digit of (-4)/h*(-9)/(-6)?
1
What is the units digit of 21 - -6*4/8?
4
Suppose 70 = -3*s - 4*n + 3*n, -3*s - 4*n = 82. What is the units digit of (-1 - s/4)*2?
9
Let d(b) = b**2 + 2*b + 6. Let f be d(-6). Let s be (-2)/(-4)*(2 + -12). What is the units digit of s*3*(-4)/f?
2
Suppose -28 = 5*r - 8. Let y = 2 + r. What is the units digit of 14/((2 - 3)*y)?
7
Let p(k) = -3*k - 2. Let c be p(-2). Let a = 8 + -10. Let y = a + c. What is the units digit of y?
2
Let z be (5/3)/(1/(-15)). Let o = -12 - z. What is the units digit of o?
3
Let o(b) = b**2 - 2*b + 3. Let j be o(2). Suppose -4*r = j*f + f + 16, -12 = 4*f + 2*r. Let m(l) = -l + 2. What is the units digit of m(f)?
4
Suppose 11 = 2*j - 1. Let h(r) = -r**3 - 5*r**2 - 5*r - 4. Let g be h(-4). Let d = j + g. What is the units digit of d?
6
Let v(p) = p - 9. Suppose 3*z = 2*z + 3*b - 1, 0 = 3*z + 5*b - 53. Let h be v(z). Let f = 5 - h. What is the units digit of f?
3
Let j = -16 + 24. Suppose 7*g = 3*g - 16, -u - 5*g - 18 = 0. What is the units digit of j/(-4)*(-3)/u?
3
Let m(o) = o**3 - 1 + 8*o**2 - 3 - 2 + 5*o. Let j be m(-7). Let a = -3 + j. What is the units digit of a?
5
Let j(m) = -m**3 + 8*m**2 + 12*m + 7. Let v be j(9). Let w = v + -11. What is the tens digit of w?
2
Let k be 2/(-4)*(56 - -2). Let p be (-1)/((-2)/(-2))*-41. Let n = k + p. What is the units digit of n?
2
Suppose 14*u = 15*u - 228. What is the units digit of u?
8
Let u = -9 - -15. Let k be (-3)/9*48/(-4). What is the units digit of (-32)/(-6)*u/k?
8
Suppose 7*a - 12 = 3*a. Let d be (4/(-6))/(4/6). What is the units digit of 2 + d + a/3?
2
Suppose -u + 0*u = 3*l - 95, -2*l = 0. What is the tens digit of u?
9
Suppose z + 0*z + 4 = 0. Let p(j) = -j**3 - 5*j**2 - 5*j - 3. Let s be p(z). Suppose -3 = -2*d + s. What is the units digit of d?
2
Suppose -5*m = -v + 5, 2*m + 2 = m. Let y(r) = r**3 + 4*r**2 - 7*r + 1. What is the tens digit of y(v)?
1
Let a = 550 - 276. What is the units digit of a?
4
Suppose -167 = -l + k, 4*l = 3*k + 2*k + 666. What is the units digit of l?
9
Let a = -3 - -2. Let t = 10 + a. What is the units digit of t?
9
Suppose -4*a + 7*a + 2 = 2*o, 0 = -2*a - 2*o + 12. Suppose -a*h - 28 = -l + 2*h, -4*h = l - 4. What is the tens digit of l?
1
Let r be (1 + -19)/(1 - 2). Suppose -5*j = -37 - r. What is the tens digit of j?
1
Suppose -2*q = q + 3, 0 = -2*l + 2*q + 62. What is the units digit of l?
0
Suppose 0 = -5*j + 14 + 6. Suppose -2*m - j + 8 = 0. What is the units digit of m?
2
Suppose -2*f - 6 = 0, -5*a + 102 = -2*a - 4*f. Suppose -3*k + 0*k = -a. What is the units digit of k?
0
Suppose 5*y = -5*m - 0*y - 35, 2*m + 11 = y. What is the tens digit of (m - -5)/(1/(-11))?
1
Let z = 633 + -427. What is the units digit of z?
6
Let w = -1 - -3. Suppose -5*a - v + 3 = 0, -4*a + 0*a + w = v. What is the units digit of a?
1
Let y(q) = -q**3 - 4*q**2 + 16*q + 8. Let l be y(-6). What is the tens digit of (-306)/24*l/6?
3
Let j(o) = 2*o**2 - 7*o - 6. Let b be j(6). Suppose 2*n - 2 = 4*i, 2*i + 5*n - b = n. What is the units digit of i?
2
What is the units digit of 55/10 - (-1)/2?
6
What is the tens digit of (-139)/2*(1 - 5)?
7
Let t = 58 - -20. What is the units digit of t?
8
What is the tens digit of 5 - (-67 - -4 - 1)?
6
Let f(y) = -3*y**3 - y**2 + 4*y + 4. What is the tens digit of f(-2)?
1
Suppose 2 - 42 = 4*c. Let j(n) = -n + 1. What is the tens digit of j(c)?
1
Suppose u + 2 = -4*d + 13, -1 = -2*d - 5*u. Suppose -80 = -d*n - n. Let m = -12 + n. What is the units digit of m?
8
Let f(x) = 3*x + 8. Suppose -3*o + 5 = -4*b, -2*b + 4*b + 10 = 0. Let c(z) = 3*z + 7. Let m(s) = o*f(s) + 6*c(s). What is the units digit of m(6)?
0
Let j(c) = -c**3 + 5*c**2 - c - 5. Let s be j(5). Let h = s + 14. Suppose f - 14 = h*m, 2*f - 2*m - 18 = m. What is the units digit of f?
6
What is the units digit of (-395)/(-5)*(7 - 6)?
9
Suppose 5*l - l - 8 = 0. Let c = -14 - -16. Suppose w - l*b = c*b + 21, -5*b = w + 6. What is the units digit of w?
9
Let d = 89 + -49. What is the units digit of d?
0
Suppose -4*x = 2*r - 79 + 1, x - 47 = 5*r. Let c(p) = p + 4. Let z be c(3). Let m = x - z. What is the units digit of m?
5
Let u(t) = -5 + 3*t - 7*t + 0*t + t. What is the tens digit of u(-5)?
1
Suppose 2 + 4 = -k. What is the tens digit of (-2)/(-3) + (-206)/k?
3
Let w = -3 - -6. What is the units digit of w?
3
Suppose -x + 4*o + 6 = -3*x, 2*x = -o - 9. Let u = 5 + x. Suppose 5*f - 54 = -4*k, -4*f - 3*k + 44 = -u*k. What is the tens digit of f?
1
What is the tens digit of (-122)/(-4) - (-7)/14?
3
Let g be (-18)/(-4)*4/(-6). Let u(l) = l**3 - 7*l**2 + 6*l - 1. Let m be u(6). What is the units digit of -8*(-2 - g)*m?
8
Let j(o) be the first derivative of -o**3/3 + 3*o**2/2 + 2*o - 2. Let x be j(3). Suppose 17 + 3 = x*c. What is the units digit of c?
0
Suppose 3*w - 8 = -w. Let f(s) = -s**3 - 3*s**2 + 3*s. Let x be f(-4). What is the units digit of w/x - (-55)/10?
6
Suppose -k + 20 + 17 = -4*b, -3*b = 4*k + 23. What is the units digit of (0 - -1)*(-1 - b)?
8
Suppose 0*a = a - 37. What is the units digit of a?
7
Let k(l) = l**3 + 5*l**2 + 5*l - 2. Let j be k(-4). Let h be (-188)/j - 6/(-9). Suppose 2*o - 7*o = 5*f - 40, -3*o - 5*f = -h. What is the units digit of o?
4
Suppose -2*n = -h - 127, h + 3*h + 136 = 2*n. What is the units digit of n?
2
Suppose 0*b = -2*b + 6, -2*i - b - 9 = 0. Let d(m) = -m**2 - 9*m - 9. What is the units digit of d(i)?
9
Let g = 368 + -140. What is the tens digit of g?
2
Suppose 1 = -v + 3. Suppose 3*u + 3*g - 45 = 0, 39 = u - 5*g + 12. Suppose 4*f - 5*h - u = 0, 2*f = v*h + 8 - 0. What is the units digit of f?
3
Let l = 285 - 131. What is the tens digit of l?
5
Let i(k) = -12*k - 1. Let q = 0 + -2. Let w be i(q). Let j = w - 6. What is the units digit of j?
7
Let h = 32 + -11. What is the tens digit of h?
2
Suppose 0 = 3*g + 2*t - 2470, 3513 = 3*g - 4*t + 1073. Suppose 0 = 7*h - 3*h - g. What is the tens digit of h/10 - 1/2?
2
What is the units digit of -482*-1*5/10?
1
Let k(u) = 3 + 0*u**3 - 3 - u - 4*u**3. What is the units digit of k(-1)?
5
Let x(z) = 2*z**2 + z. Suppose 0 = 3*c - 6. What is the units digit of x(c)?
0
Let d be (3 + -3)/(-3) + 12. Suppose -4*b - b = 4*n - 15, 0 = 4*b - 3*n - d. What is the units digit of b?
3
Let p(a) = a**3 + 3*a**2 - 4*a - 7. What is the units digit of p(-3)?
5
Let l = 5 + -5. Suppose -t + 1 = 2*o - 0, l = -4*o - 4*t. Suppose 2 + o = z. What is the units digit of z?
3
What is the tens digit of 2 - (0/3 + 22*-11)?
4
Let i be (10/(-3))/((-1)/15). Suppose -b = -4*n + 46, -5*n - 4*b = 3 - i. What is the tens digit of n?
1
Suppose 2*i + 4 = -2*b + 14, 4*b - 15 = i. Suppose 2*z + 2*t + 11 = 3*z, t + 44 = b*z. What is the units digit of z?
1
Let h = -52 - -102. What is the tens digit of h?
5
Let j(u) = -u**3 - u**2 + 2*u + 2. Let s be j(-2). Suppose -2*c + 4 = s*c. What is the units digit of c?
1
Let i(f) = -9*f - 3. Let h be i(4). Let g = 0 - h. What is the tens digit of g?
3
Suppose 2*p - 10 = 14. Suppose -c + p = -12. What is the units digit of c?
4
Suppose -2*n - n + 15 = 0. Suppose 2*v = 3*d + 4*v - 22, 0 = -2*d - n*v. Let j(a) = -a + 20. What is the units digit of j(d)?
0
Suppose -3*c + 4*c + 47 = 4*j, 4*c - 40 = -3*j. Suppose 0*i + i - j = 0. What is the units digit of i?
2
Suppose 31 = 3*m + 4. Let t = m - 6. What is the units digit of t?
3
Let n = -6 - -10. Let k = 4 - 1. Suppose n*s = 7 - k. What is the units digit of s?
1
What is the units digit of ((-16)/6)/(5 + (-96)/18)?
8
What is the tens digit of 33*((-4 - -1) + 4)?
3
Let o = -6 + 11. What is the units digit of o?
5
Let h be ((-28)/(-10))/((-4)/(-10)). Let m = 7 - h. Suppose m = 